*f**2 - 47*f + 54. Let a(p) = 5*p**3 - 7*p**2 - 12*p + 15. Let w(x) = -9*a(x) + 2*h(x). What is w(10)?
13
Let r(m) = -43 + m**3 + 2*m + m + 141 - 101. Determine r(-3).
-39
Let k be -2 - (-6 - -2) - -2. Suppose -k*c - c - 15 = 0. Let y(i) be the second derivative of i**3/6 - 2*i**2 + 2*i. Determine y(c).
-7
Let a be 1 - (-2 - 0)*2. Let b(s) = -16*s + 74. Calculate b(a).
-6
Suppose 7*x + 5*l = 2*x - 40, 14 = -x + 2*l. Let k(u) = 2*u**2 - 2. Let f(g) = -17*g**2 - 12*g + 7. Let i(s) = f(s) + 8*k(s). What is i(x)?
11
Let u(d) = -13*d. Suppose 9 = -2*q + 3. Let j be 3/((-4)/20*q). Suppose g + 5*c - 3 = 3*c, j = g + 3*c. Calculate u(g).
13
Let m(y) = y**3 - 5*y**2 + 3*y - 3. Suppose -4*a + 0*a + 37 = -3*o, -o + 5 = 0. Let d(b) = b**3 + 0*b**2 + 0 - 14*b**2 + 13*b + 2. Let u be d(a). Give m(u).
-9
Let w = 256 + -252. Let p(k) = -14 + k**3 + k - 7*k + 13*k**2 - 2*k**3 - w*k. Calculate p(12).
10
Let n(f) be the third derivative of -f**5/120 + f**4/12 + 19*f**3/6 + 24*f**2. Let x(y) be the first derivative of n(y). Suppose -m - 2*m = 9. What is x(m)?
5
Let p(y) be the first derivative of y**4/4 + 2*y**3 + 5*y**2/2 + 4*y - 483. Let h = 8 + -13. Give p(h).
4
Let t = -196 - -190. Let r(n) = n. Let a(o) = 7*o + 8. Let z(m) = a(m) - 5*r(m). Give z(t).
-4
Let s(k) = -k**2 + 13*k - 28. Let x be s(7). Let o(p) = x*p - p**2 - 1254 + 1241 + 0*p**2. Calculate o(13).
0
Let k be (-1128)/(-752)*3*(-1)/(-9). Let u(j) be the first derivative of 22 + k*j**2 + 6*j. What is u(0)?
6
Let t(v) = -v**3 + 12*v**2 - 17*v + 27. Let c be 12/((-2)/1)*(-1)/(-2). Let w(d) = -d**3 + 12*d**2 - 16*d + 32. Let h(b) = c*w(b) + 4*t(b). Determine h(10).
12
Let q(s) = 2 + 6852*s**2 - 6853*s**2 + 2*s**3 + 1 - 2*s. Suppose -4*z = -8*z + 8. Determine q(z).
11
Let b be ((-94)/14 + 5)/(40/140). Let x(h) = h**3 + 4*h**2 - 19*h - 37. Give x(b).
5
Let p(v) be the third derivative of v**5/60 - v**4/6 + 7*v**3/6 - 1242*v**2. Calculate p(7).
28
Let j(n) = 8*n + 51. Let q be (-4)/(-42) + (2658/(-126) - -14). Give j(q).
-5
Suppose 15*x + 29*x + 18084 = 0. Let r = -410 - x. Let b(d) = 29*d**2 - 9*d + 9. Let m(q) = -7*q**2 + 2*q - 2. Let l(o) = -2*b(o) - 9*m(o). Give l(r).
5
Suppose 0 = -13*n + 6 + 7. Let j be ((-34)/(-5) + 1)*(2 + 3). Let s be ((-14)/(-21))/(j/36 - n). Let o(h) = -h**2 + 10*h - 6. Calculate o(s).
10
Let o(n) = -n**3 + 6*n**2 + 6*n + 8. Let z be (1/(-4))/(-1) + (-3)/12. Suppose -5*p - 25 = z, -4*q = 4*p - 7*p + 249. Let y = q - -73. What is o(y)?
1
Let u(w) = -w**3 - 10*w**2 + w + 4. Let k = -93 - -112. Suppose -i - 32 + k = 0. Let v be (-14 - i)/((-2)/(-20)). What is u(v)?
-6
Let z(i) = 2*i**2 + 5*i + 2. Let a = -385 - -380. Let g(x) = x**3 + 6*x**2 + 5*x - 3. Let f be g(a). What is z(f)?
5
Let g = 73713 - 73709. Let u(k) = 18*k - 68. Let a(x) = -6*x + 23. Let b(f) = -11*a(f) - 4*u(f). Calculate b(g).
-5
Let i(z) = -z**3 - 11*z**2 + 102 - 281 + 95 + 93 - 7*z. Suppose 0 = -4*v - 60 + 20. What is i(v)?
-21
Let h(a) = 4*a + 4*a - 1931 + 974 + 987. Calculate h(-6).
-18
Let q(d) = -7*d**3 - 3*d**2 + 3*d + 199. Let v(h) = -8*h**3 + 2*h**2 + 4*h + 199. Let z(y) = 9*q(y) - 8*v(y). Give z(43).
-16
Let n(h) = -16*h - 31. Let f be ((-44)/8 - -3)*28/35. What is n(f)?
1
Let n(u) = -5*u**2 + 5*u - 9. Let j(z) = 6*z**2 - 6*z + 11. Let d(p) = 4*j(p) + 5*n(p). Let l be -3*((12/(-9))/4 - -1). Determine d(l).
-7
Let n(g) = -2*g - 3. Let q(v) = 5*v + 8. Suppose -4*y = -3*m + 7, -50*y - 50 = -5*m - 51*y. Let a(c) = m*n(c) + 4*q(c). What is a(4)?
13
Let x(c) = -c**3 - 6*c**2 + c + 4. Let t be ((-35)/(-25) + 3/(-3))/((-8)/120). Determine x(t).
-2
Suppose 2849 = -126*s - 133*s. Let r(p) = 8*p + p**2 - p + 2*p - 16. What is r(s)?
6
Suppose -9*c = -20*c + 187. Suppose 16*v = c*v + 6. Let p(y) = -y - 3. What is p(v)?
3
Let r(m) = -8*m - 18. Let n(b) = -b**3 + 51*b**2 + 3*b - 153. Let g be n(51). Give r(g).
-18
Let s(m) = m**2 - 9*m - 10. Let v(p) = -p**2 - 23*p - 35. Let o be (4/(-1) - -2)/(-2) + -22. Let l be v(o). Determine s(l).
-24
Let d(o) = 2*o**2 + 13*o + 23. Suppose 0 = r - 5*i - 20, 0 = -5*r + 4*i + 8 - 13. Give d(r).
8
Let r(d) = -5*d + 4. Let o(y) = 2*y**3 + 10*y**2 + 8*y - 10. Let k be o(-4). Calculate r(k).
54
Let y(g) = 59*g + 1320. Let a be y(-22). Let r(m) = -6*m + 78. What is r(a)?
-54
Let o = -2429 - -2427. Let y(n) = -31 + 33 + 0*n + 4*n + 0*n. What is y(o)?
-6
Let r(n) be the first derivative of n**3/3 + n**2/2 - n - 1. Suppose 3*s + 2*s + 80 - 65 = 0. What is r(s)?
5
Let z(p) be the third derivative of p**4/24 - 59*p**2. Let d(v) = -7*v - 86. Let k be d(-14). Determine z(k).
12
Let v be (-20)/16*20/(-150). Let w(k) be the second derivative of -v*k**3 + 0 + 18*k + 0*k**4 + 0*k**2 + 3/10*k**5. Give w(1).
5
Let u(r) be the second derivative of -r**5/20 + r**4/2 + 11*r**3/6 + r**2 - 21*r + 5. Calculate u(8).
-38
Let w be (-1)/4 - 2211/(-12). Let g(m) = 1 + 65*m - w*m + 59*m + 59*m. Determine g(0).
1
Let z(r) = 10*r + 58*r**2 + 10*r - 153*r**2 + 96*r**2 - 19. What is z(-21)?
2
Suppose 0 = 19*f - 40*f + 861. Suppose -59 + f = -9*o. Let n(t) = -4*t + 5. Determine n(o).
-3
Suppose 0 = 17*t - 260 - 233. Suppose t*p - 179 = 53. Let m(f) = -f**3 + 8*f**2. Determine m(p).
0
Let q(g) = -g**3 - 8*g**2 + 19*g - 13. Suppose -136*c + 132*c - 43 = 3*u, 5*c - 2*u = -48. Determine q(c).
-3
Let b(v) = 4*v**3 + 25*v**2 - 3*v + 9. Let o(i) = i**3 + 4*i**2 + i + 1. Let k be (5 + 55/(-10))*(2 - -8). Let q(a) = k*o(a) + b(a). Determine q(3).
-2
Let o be 34 - ((-5 - -4) + -2). Let n(p) = -44 - 4*p - o*p**3 + 50 + 36*p**3 + 5*p**2. Give n(5).
-14
Let g = -283 - -296. Suppose -25 = -4*f - f, 3*b = -2*f + g. Let l(d) = 2*d**2 - 1. Calculate l(b).
1
Let k(d) = -7*d**3 - 13*d**2 + 5*d + 8. Let v(y) = y**3 + y**2 - y - 1. Let g(b) = k(b) + 6*v(b). Suppose -3*o - 5*t = -69, 4*o - 3*t - 7196 = -7278. Give g(o).
9
Let x be (-200)/(-280) - (-26)/(-7). Let t(d) = 6*d**2 + 8*d - 24. Calculate t(x).
6
Suppose -6*h + 13 - 1 = 0. Let u be 4 + (5 - 0) - -3. Let p(f) = u*f**h - 13 + 3 + 9. Calculate p(-1).
11
Let m be (8/14)/(5 - 272/56). Let i(p) = 0*p**2 - m*p**2 + 11 - 10 - 4*p + 5*p**2. Determine i(2).
-3
Suppose -85*w - 5*p = -83*w - 41, 0 = -w - 4*p + 28. Let q(y) = y**2 - 7*y + 18. Give q(w).
26
Let s(f) be the third derivative of -f**6/360 + 7*f**4/24 + f**3/3 - 8*f**2 - 2. Let p(z) be the second derivative of s(z). What is p(-4)?
8
Let h(c) = 4*c**2 + 13*c. Let w(g) = -12*g - 3*g**2 + 2*g - 1 + 8*g + 2*g**2. Let m(l) = -h(l) - 5*w(l). Calculate m(2).
3
Let d(q) = -1 - 12 - 4*q + 9*q**2 - q**3 - 5 + 0 - 2*q. Determine d(9).
-72
Let l(a) = -1756 - 41*a + 5*a + 1714. Calculate l(-1).
-6
Let c(u) = u**3 - 4*u**2 + u + 4. Let q(z) = 12 - 9 + 5 - 53 - 60 + 6*z. Let b be q(18). What is c(b)?
-2
Let y be (2/(-3))/(12/18*1). Let l be (26/4 - y) + 15/(-10). Let m(z) = 4*z**2 + 8*z**3 - 3*z**2 + l*z**3 - 8*z**3. Give m(1).
7
Let f be (138/(-12) + 7)*1/(-9). Let h(x) be the first derivative of 23 + x + f*x**2. Give h(-5).
-4
Let l(v) = 4*v + 309. Let f(g) = 19. Let z(d) = 6*f(d) - l(d). Determine z(-49).
1
Let b(z) = -3*z**2 + 13*z - 4. Let v = 1711 + -877. Let q = v - 829. What is b(q)?
-14
Let l(h) = -8*h. Let q be (-188)/(-16) - (-3)/12. Suppose 26*w - q = 40. Give l(w).
-16
Let t(n) = n**2 + 3*n - 6. Suppose 0 = 3*r + r - 176. Suppose -22*w - r = -11*w. Give t(w).
-2
Let h(w) = 7*w**3 - 5*w**2 + 14*w + 7. Let l(u) = 20*u**2 - 9*u**2 + 197*u**3 - 212*u**3 - 15 - 30*u. Let s(i) = 13*h(i) + 6*l(i). Determine s(-1).
-1
Let b(x) = 57*x**2 + 8*x + 13. Let f(w) = 164*w**2 + 23*w + 37. Let q(j) = -17*b(j) + 6*f(j). Calculate q(2).
65
Let a be ((-28)/490*7)/((-1)/(-15)). Let n(c) be the first derivative of -c**4/4 - 7*c**3/3 - 2*c**2 - 6*c - 42. Calculate n(a).
-18
Let d(g) = -6*g - 252 + 130 + 137. Let m(y) = y - 2. Let u(f) = d(f) + 5*m(f). Suppose -4*b - 6 = 2*c - 20, 4*c = -20. What is u(b)?
-1
Let f(u) be the second derivative of -u**5/20 - u**4/12 + u**3/2 + 4984*u. Calculate f(-3).
9
Let k(i) = -i**2 + 14*i + 5. Suppose 71*g - 76*g = -15. Let u(f) = -f**2 + 15*f + 4. Let v(h) = g*u(h) - 4*k(h). Determine v(9).
-26
Let b(g) = 2*g**2 + 38*g + 70. Let a be b(-17). Let t(y) = y**3 - 10*y + 1 + 2*y - 17*y**a + 2 + 12*y**2. Determine t(6).
-9
Let c(l) = l**2 + 17*l - 19. Let a(o) = 22*o**3 - 222*o**2 + 20*o - 8. Let g be a(10). Calculate c